{"id":1542,"date":"2025-04-03T20:57:02","date_gmt":"2025-04-03T20:57:02","guid":{"rendered":"https:\/\/victoramaral.com.br\/?post_type=projeto&#038;p=1542"},"modified":"2025-04-07T23:27:28","modified_gmt":"2025-04-07T23:27:28","slug":"jornada-bombeiro-copy","status":"publish","type":"projeto","link":"https:\/\/victoramaral.com.br\/?projeto=jornada-bombeiro-copy","title":{"rendered":"Master Imobili\u00e1ria"},"content":{"rendered":"<div class=\"elementor-element elementor-element-6b65491 elementor-widget elementor-widget-heading\" data-id=\"6b65491\" data-element_type=\"widget\" data-widget_type=\"heading.default\">\n<div class=\"elementor-element elementor-element-4a84ae2 elementor-widget elementor-widget-heading\" data-id=\"4a84ae2\" data-element_type=\"widget\" data-widget_type=\"heading.default\">\n<p class=\"elementor-heading-title elementor-size-default\">Estudo de caso do site da Master Im\u00f3veis, uma das imobili\u00e1rias mais tradicionais de Montes Claros. O projeto modernizou a presen\u00e7a digital da marca, com foco em navega\u00e7\u00e3o intuitiva, busca eficiente de im\u00f3veis e valoriza\u00e7\u00e3o da credibilidade constru\u00edda ao longo dos anos.<\/p>\n<\/div>\n<\/div>\n","protected":false},"featured_media":0,"template":"","categories":[81],"tags":[],"class_list":["post-1542","projeto","type-projeto","status-publish","hentry","category-site"],"aioseo_notices":[],"_links":{"self":[{"href":"https:\/\/victoramaral.com.br\/index.php?rest_route=\/wp\/v2\/projeto\/1542","targetHints":{"allow":["GET"]}}],"collection":[{"href":"https:\/\/victoramaral.com.br\/index.php?rest_route=\/wp\/v2\/projeto"}],"about":[{"href":"https:\/\/victoramaral.com.br\/index.php?rest_route=\/wp\/v2\/types\/projeto"}],"wp:attachment":[{"href":"https:\/\/victoramaral.com.br\/index.php?rest_route=%2Fwp%2Fv2%2Fmedia&parent=1542"}],"wp:term":[{"taxonomy":"category","embeddable":true,"href":"https:\/\/victoramaral.com.br\/index.php?rest_route=%2Fwp%2Fv2%2Fcategories&post=1542"},{"taxonomy":"post_tag","embeddable":true,"href":"https:\/\/victoramaral.com.br\/index.php?rest_route=%2Fwp%2Fv2%2Ftags&post=1542"}],"curies":[{"name":"wp","href":"https:\/\/api.w.org\/{rel}","templated":true}]}}

Master Imobiliária

<div class="elementor-element elementor-element-6b65491 elementor-widget elementor-widget-heading" data-id="6b65491" data-element_type="widget" data-widget_type="heading.default">
<div class="elementor-element elementor-element-4a84ae2 elementor-widget elementor-widget-heading" data-id="4a84ae2" data-element_type="widget" data-widget_type="heading.default">
<p class="elementor-heading-title elementor-size-default">Estudo de caso do site da Master Imóveis, uma das imobiliárias mais tradicionais de Montes Claros. O projeto modernizou a presença digital da marca, com foco em navegação intuitiva, busca eficiente de imóveis e valorização da credibilidade construída ao longo dos anos.</p>
</div>
</div>
