{"id":1604,"date":"2025-04-03T23:35:42","date_gmt":"2025-04-03T23:35:42","guid":{"rendered":"https:\/\/victoramaral.com.br\/?post_type=projeto&#038;p=1604"},"modified":"2025-04-05T20:29:56","modified_gmt":"2025-04-05T20:29:56","slug":"sala-de-estar-lumine","status":"publish","type":"projeto","link":"https:\/\/victoramaral.com.br\/?projeto=sala-de-estar-lumine","title":{"rendered":"Sala de Estar Lumine"},"content":{"rendered":"<p>Cria\u00e7\u00e3o do blog oficial da Lumine, com foco em UX para leitura fluida, navega\u00e7\u00e3o intuitiva, organiza\u00e7\u00e3o clara dos conte\u00fados e uma identidade visual acolhedora que reflete os valores da marca.<\/p>\n","protected":false},"featured_media":0,"template":"","categories":[78],"tags":[],"class_list":["post-1604","projeto","type-projeto","status-publish","hentry","category-blog"],"aioseo_notices":[],"_links":{"self":[{"href":"https:\/\/victoramaral.com.br\/index.php?rest_route=\/wp\/v2\/projeto\/1604","targetHints":{"allow":["GET"]}}],"collection":[{"href":"https:\/\/victoramaral.com.br\/index.php?rest_route=\/wp\/v2\/projeto"}],"about":[{"href":"https:\/\/victoramaral.com.br\/index.php?rest_route=\/wp\/v2\/types\/projeto"}],"wp:attachment":[{"href":"https:\/\/victoramaral.com.br\/index.php?rest_route=%2Fwp%2Fv2%2Fmedia&parent=1604"}],"wp:term":[{"taxonomy":"category","embeddable":true,"href":"https:\/\/victoramaral.com.br\/index.php?rest_route=%2Fwp%2Fv2%2Fcategories&post=1604"},{"taxonomy":"post_tag","embeddable":true,"href":"https:\/\/victoramaral.com.br\/index.php?rest_route=%2Fwp%2Fv2%2Ftags&post=1604"}],"curies":[{"name":"wp","href":"https:\/\/api.w.org\/{rel}","templated":true}]}}

<p>Criação do blog oficial da Lumine, com foco em UX para leitura fluida, navegação intuitiva, organização clara dos conteúdos e uma identidade visual acolhedora que reflete os valores da marca.</p>
