{"id":1687,"date":"2025-04-04T14:15:54","date_gmt":"2025-04-04T14:15:54","guid":{"rendered":"https:\/\/victoramaral.com.br\/?post_type=projeto&#038;p=1687"},"modified":"2025-04-05T21:21:35","modified_gmt":"2025-04-05T21:21:35","slug":"lumine-kids-2","status":"publish","type":"projeto","link":"https:\/\/victoramaral.com.br\/?projeto=lumine-kids-2","title":{"rendered":"Lumine Kids"},"content":{"rendered":"<p>Redesign visual da Lumine Kids, com foco em uma interface moderna, intuitiva e atrativa para o p\u00fablico infantil. Nova identidade visual, componentes redesenhados e experi\u00eancia flu\u00edda em app e web.<\/p>\n","protected":false},"featured_media":2246,"template":"","categories":[76,75],"tags":[],"class_list":["post-1687","projeto","type-projeto","status-publish","has-post-thumbnail","hentry","category-aplicativo","category-plataforma"],"aioseo_notices":[],"_links":{"self":[{"href":"https:\/\/victoramaral.com.br\/index.php?rest_route=\/wp\/v2\/projeto\/1687","targetHints":{"allow":["GET"]}}],"collection":[{"href":"https:\/\/victoramaral.com.br\/index.php?rest_route=\/wp\/v2\/projeto"}],"about":[{"href":"https:\/\/victoramaral.com.br\/index.php?rest_route=\/wp\/v2\/types\/projeto"}],"wp:featuredmedia":[{"embeddable":true,"href":"https:\/\/victoramaral.com.br\/index.php?rest_route=\/wp\/v2\/media\/2246"}],"wp:attachment":[{"href":"https:\/\/victoramaral.com.br\/index.php?rest_route=%2Fwp%2Fv2%2Fmedia&parent=1687"}],"wp:term":[{"taxonomy":"category","embeddable":true,"href":"https:\/\/victoramaral.com.br\/index.php?rest_route=%2Fwp%2Fv2%2Fcategories&post=1687"},{"taxonomy":"post_tag","embeddable":true,"href":"https:\/\/victoramaral.com.br\/index.php?rest_route=%2Fwp%2Fv2%2Ftags&post=1687"}],"curies":[{"name":"wp","href":"https:\/\/api.w.org\/{rel}","templated":true}]}}

<p>Redesign visual da Lumine Kids, com foco em uma interface moderna, intuitiva e atrativa para o público infantil. Nova identidade visual, componentes redesenhados e experiência fluída em app e web.</p>
