{"id":1688,"date":"2025-04-04T14:26:52","date_gmt":"2025-04-04T14:26:52","guid":{"rendered":"https:\/\/victoramaral.com.br\/?post_type=projeto&#038;p=1688"},"modified":"2025-04-06T00:11:17","modified_gmt":"2025-04-06T00:11:17","slug":"lumine-minha-conta","status":"publish","type":"projeto","link":"https:\/\/victoramaral.com.br\/?projeto=lumine-minha-conta","title":{"rendered":"Lumine \u2013 Minha Conta"},"content":{"rendered":"<p>Redesign do painel &#8220;Minha Conta&#8221; com foco em reten\u00e7\u00e3o de clientes. Reestruturamos a experi\u00eancia para torn\u00e1-la mais clara, intuitiva e engajadora, criando fluxos que incentivam a perman\u00eancia e o uso cont\u00ednuo da plataforma.<\/p>\n","protected":false},"featured_media":0,"template":"","categories":[75],"tags":[79,80],"class_list":["post-1688","projeto","type-projeto","status-publish","hentry","category-plataforma","tag-ui-design","tag-ux-design"],"aioseo_notices":[],"_links":{"self":[{"href":"https:\/\/victoramaral.com.br\/index.php?rest_route=\/wp\/v2\/projeto\/1688","targetHints":{"allow":["GET"]}}],"collection":[{"href":"https:\/\/victoramaral.com.br\/index.php?rest_route=\/wp\/v2\/projeto"}],"about":[{"href":"https:\/\/victoramaral.com.br\/index.php?rest_route=\/wp\/v2\/types\/projeto"}],"wp:attachment":[{"href":"https:\/\/victoramaral.com.br\/index.php?rest_route=%2Fwp%2Fv2%2Fmedia&parent=1688"}],"wp:term":[{"taxonomy":"category","embeddable":true,"href":"https:\/\/victoramaral.com.br\/index.php?rest_route=%2Fwp%2Fv2%2Fcategories&post=1688"},{"taxonomy":"post_tag","embeddable":true,"href":"https:\/\/victoramaral.com.br\/index.php?rest_route=%2Fwp%2Fv2%2Ftags&post=1688"}],"curies":[{"name":"wp","href":"https:\/\/api.w.org\/{rel}","templated":true}]}}

<p>Redesign do painel &#8220;Minha Conta&#8221; com foco em retenção de clientes. Reestruturamos a experiência para torná-la mais clara, intuitiva e engajadora, criando fluxos que incentivam a permanência e o uso contínuo da plataforma.</p>
